{"id":1231,"date":"2022-02-21T19:54:00","date_gmt":"2022-02-21T19:54:00","guid":{"rendered":"https:\/\/startersites.io\/elementor\/justice\/?page_id=1231"},"modified":"2024-10-13T09:47:55","modified_gmt":"2024-10-13T07:47:55","slug":"about","status":"publish","type":"page","link":"http:\/\/kancelariaksb.pl\/?page_id=1231","title":{"rendered":"O mnie"},"content":{"rendered":"\t\t<div data-elementor-type=\"wp-page\" data-elementor-id=\"1231\" class=\"elementor elementor-1231\">\n\t\t\t\t<div class=\"elementor-element elementor-element-1a946b8 e-flex e-con-boxed e-con e-parent\" data-id=\"1a946b8\" data-element_type=\"container\" data-settings=\"{&quot;background_background&quot;:&quot;classic&quot;}\">\n\t\t\t\t\t<div class=\"e-con-inner\">\n\t\t<div class=\"elementor-element elementor-element-ac1a5b4 e-con-full e-flex e-con e-child\" data-id=\"ac1a5b4\" data-element_type=\"container\">\n\t\t\t\t<div class=\"elementor-element elementor-element-1380e34 elementor-widget elementor-widget-heading\" data-id=\"1380e34\" data-element_type=\"widget\" data-widget_type=\"heading.default\">\n\t\t\t\t<div class=\"elementor-widget-container\">\n\t\t\t<h2 class=\"elementor-heading-title elementor-size-default\">Karolina Sikorska-Bednarczyk <\/h2>\t\t<\/div>\n\t\t\t\t<\/div>\n\t\t\t\t<div class=\"elementor-element elementor-element-1fd715f elementor-widget elementor-widget-text-editor\" data-id=\"1fd715f\" data-element_type=\"widget\" data-widget_type=\"text-editor.default\">\n\t\t\t\t<div class=\"elementor-widget-container\">\n\t\t\t\t\t\t\t<p><span class=\"OYPEnA font-feature-liga-off font-feature-clig-off font-feature-calt-off text-decoration-none text-strikethrough-none\">DR NAUK PRAWNYCH RADCA PRAWNY<\/span><\/p>\t\t\t\t\t\t<\/div>\n\t\t\t\t<\/div>\n\t\t\t\t<div class=\"elementor-element elementor-element-6cf603c elementor-widget elementor-widget-text-editor\" data-id=\"6cf603c\" data-element_type=\"widget\" data-widget_type=\"text-editor.default\">\n\t\t\t\t<div class=\"elementor-widget-container\">\n\t\t\t\t\t\t\t<p>Nazywam si\u0119 Karolina Sikorska-Bednarczyk. Jestem doktorem nauk prawnych i radc\u0105 prawnym. To znaczy, \u017ce przed nazwiskiem u\u017cywam tytu\u0142u naukowego &#8220;dr&#8221; a tog\u0119 nosz\u0119 z niebieskim \u017cabotem.<\/p><p>Moja kariera zawodowa rozpocz\u0119\u0142a si\u0119 od uko\u0144czenia dwoch kierunk\u00f3w studi\u00f3w \u2013 politologii oraz prawa na Uniwersytecie Gda\u0144skim. Przez pierwsze siedem lat kariery zadodowej pracowa\u0142am w o\u015bwiacie \u2013 jako nauczyciel wiedzy o spo\u0142ecze\u0144stwie, historii i podstaw prawa. Chyba by\u0142am lubiana jako nauczyciel \ud83d\ude42 Odesz\u0142am z o\u015bwiaty jako nauczyciel mianowany. To po\u0142\u0105czenie edukacji i prawa czyni mnie nietypowym prawnikiem ds. O\u015bwiaty. Jestem ekspertem w tych sprawach.<span class=\"Apple-converted-space\">\u00a0<\/span><\/p><p>\u00a0<\/p>\t\t\t\t\t\t<\/div>\n\t\t\t\t<\/div>\n\t\t\t\t<\/div>\n\t\t\t\t<div class=\"elementor-element elementor-element-b2871e5 elementor-widget__width-initial elementor-widget elementor-widget-image\" data-id=\"b2871e5\" data-element_type=\"widget\" data-widget_type=\"image.default\">\n\t\t\t\t<div class=\"elementor-widget-container\">\n\t\t\t\t\t\t\t\t\t\t\t\t\t<img fetchpriority=\"high\" decoding=\"async\" width=\"678\" height=\"1024\" src=\"http:\/\/kancelariaksb.pl\/wp-content\/uploads\/2024\/10\/Screenshot_20240619_103123_Gallery-678x1024.jpg\" class=\"attachment-large size-large wp-image-2036\" alt=\"\" srcset=\"http:\/\/kancelariaksb.pl\/wp-content\/uploads\/2024\/10\/Screenshot_20240619_103123_Gallery-678x1024.jpg 678w, http:\/\/kancelariaksb.pl\/wp-content\/uploads\/2024\/10\/Screenshot_20240619_103123_Gallery-199x300.jpg 199w, http:\/\/kancelariaksb.pl\/wp-content\/uploads\/2024\/10\/Screenshot_20240619_103123_Gallery-768x1161.jpg 768w, http:\/\/kancelariaksb.pl\/wp-content\/uploads\/2024\/10\/Screenshot_20240619_103123_Gallery-1016x1536.jpg 1016w, http:\/\/kancelariaksb.pl\/wp-content\/uploads\/2024\/10\/Screenshot_20240619_103123_Gallery.jpg 1076w\" sizes=\"(max-width: 678px) 100vw, 678px\" \/>\t\t\t\t\t\t\t\t\t\t\t\t\t<\/div>\n\t\t\t\t<\/div>\n\t\t\t\t\t<\/div>\n\t\t\t\t<\/div>\n\t\t<div class=\"elementor-element elementor-element-46cea74 e-flex e-con-boxed e-con e-parent\" data-id=\"46cea74\" data-element_type=\"container\" data-settings=\"{&quot;background_background&quot;:&quot;classic&quot;}\">\n\t\t\t\t\t<div class=\"e-con-inner\">\n\t\t<div class=\"elementor-element elementor-element-638edb1 e-con-full e-flex e-con e-child\" data-id=\"638edb1\" data-element_type=\"container\">\n\t\t\t\t<div class=\"elementor-element elementor-element-9dcadb8 elementor-widget elementor-widget-text-editor\" data-id=\"9dcadb8\" data-element_type=\"widget\" data-widget_type=\"text-editor.default\">\n\t\t\t\t<div class=\"elementor-widget-container\">\n\t\t\t\t\t\t\t<p>W 2008 roku otworzy\u0142am w\u0142asn\u0105 Kancelari\u0119 Prawn\u0105 &#8220;Batna&#8221; \u2013 najlepsz\u0105 alternatyw\u0119 wobec braku porozumienia. W\u00f3wczas zaj\u0119\u0142am si\u0119 r\u00f3wnie\u017c mediacj\u0105. Jestem mediatorem wpisanym na List\u0119 Sta\u0142ych Mediator\u00f3w prowadzon\u0105 przez Prezesa S\u0105du Okr\u0119gowego w Gda\u0144sku.<span class=\"Apple-converted-space\">\u00a0<\/span><\/p><p>Od 2004 roku prowadzi\u0142am Stowarzyszenie Antymobbingowe im. Barbary Grabowskiej, gdzie zajmowa\u0142am si\u0119 mobbingiem. Udzieli\u0142am pomocy kilkuset pracownikom i pracodawcom, przeszkoli\u0142am kilkadziesi\u0105t tysi\u0119cy os\u00f3b w tematyce rozpoznawania i przeciwdzia\u0142ania mobbingowi.<span class=\"Apple-converted-space\">\u00a0<\/span><\/p><p>Od 2010 roku pracowa\u0142am w Kancelarii Adwokata i Radcy Prawnego Rafa\u0142a Bednarczyka, gdzie zdoby\u0142am doswiadczenie w prowadzeniu spraw z r\u00f3\u017cnych dziedzin, kt\u00f3rymi zajmuj\u0119 si\u0119 r\u00f3wnie\u017c w swojej praktyce zawodowej.<span class=\"Apple-converted-space\">\u00a0<\/span><\/p><p>Doktorat zrobi\u0142am w 2024 roku z prawa pracy \u2013 pod kierunkiem prof. Moniki Tomaszewskiej a jego tematem by\u0142 &#8220;Charakter prawny obowi\u0105zku pracodawcy przeciwdzia\u0142ania mobbingowi w miejscu pracy&#8221;. Praca doktorska zosta\u0142a oceniona celuj\u0105co, a moj\u0105 obron\u0119 Profesorowie na d\u0142ugo zapami\u0119taj\u0105 \ud83d\ude42 jak b\u0119dziesz chcia\u0142_a to kiedy\u015b opowiem Tobie dlaczego \ud83d\ude42 \ud83d\ude42 \ud83d\ude42<span class=\"Apple-converted-space\">\u00a0<\/span><\/p><p>Moje warto\u015bci: w \u017cyciu zawodowym oraz prywatnym cechuje mnie empatia, odwaga w pokonywaniu barier i ogranicze\u0144, zrozumienie oraz umiej\u0119tno\u015b\u0107 aktywnego s\u0142uchania. Wiem, \u017ce nie ma rzeczy niemo\u017cliwych, a z ka\u017cdej nawet najgorszej sytuacji mo\u017ce wynikn\u0105\u0107 co\u015b pozytywnego. Jestem otwarta na ludzi, \u015bwiat i nowe wyzwania. Wierz\u0119, \u017ce dop\u00f3ki walcz\u0119, jestem zwyci\u0119zc\u0105. Warto\u015bci, kt\u00f3re ceni\u0119 to autentyczno\u015b\u0107, rodzina, wdzi\u0119czno\u015b\u0107, rozw\u00f3j, zaanga\u017cowanie, pomoc innym i mi\u0142o\u015b\u0107. Warto\u015bci te maj\u0105 dla mnie znaczenie w \u017cyciu prywatnym i zawodowym.<span class=\"Apple-converted-space\">\u00a0<\/span><\/p><p>Moje zainteresowania: od najm\u0142odzych lat interesowa\u0142am si\u0119 medycyn\u0105, co przek\u0142ada si\u0119 na strategi\u0119 mojej pracy \u2013 stawiam diagnoz\u0119, szukam najlepszych rozwi\u0105za\u0144 i wprowadzam do danej sprawy odpowiednie post\u0119powanie. Interesuj\u0119 si\u0119 psychologi\u0105 spo\u0142eczn\u0105, kryminalistyk\u0105 i nadal medycyn\u0105. Wolny czas \u2013 kt\u00f3rego mam niewiele sp\u0119dzam z ksi\u0105\u017ck\u0105 i fili\u017cank\u0105 dobrej kawy.<span class=\"Apple-converted-space\">\u00a0<\/span><\/p><p>Moja misja: to pomoc prawna udzielana klientom poprzez po\u0142\u0105czenie wiedzy i do\u015bwiadczenia z edukacj\u0105 prawn\u0105 i wsparciem psychologicznym. Chc\u0119, by wszyscy znali swoje prawa i potrafili z nich korzysta\u0107. By byli pewni siebie i asertywni. Bowiem wiedza buduje pewno\u015b\u0107 siebie, asertwyno\u015b\u0107 pomaga przetrwa\u0107 nawet najwi\u0119ksze burze, a godno\u015b\u0107 nawet na kolanch pozwala i\u015b\u0107 na prz\u00f3d. Jestem prawnikiem z wykszta\u0142cenia, pasji, misji i powo\u0142ania!.<span class=\"Apple-converted-space\">\u00a0<\/span><\/p><p>Co zyska Klient we wsp\u00f3\u0142pracy ze mn\u0105: moj\u0105 dost\u0119pno\u015b\u0107 na ka\u017cdym etapie sprawy, wiedz\u0119 o przebiegu post\u0119powania oraz potrzebne mu wsparcie. Znajdzie we mnie przede wszystkim swojego doradc\u0119 i partnera w sprawie.<span class=\"Apple-converted-space\">\u00a0<\/span><\/p>\t\t\t\t\t\t<\/div>\n\t\t\t\t<\/div>\n\t\t\t\t<\/div>\n\t\t\t\t\t<\/div>\n\t\t\t\t<\/div>\n\t\t\t\t<\/div>\n\t\t","protected":false},"excerpt":{"rendered":"<p>Karolina Sikorska-Bednarczyk DR NAUK PRAWNYCH RADCA PRAWNY Nazywam si\u0119 Karolina Sikorska-Bednarczyk. Jestem doktorem nauk prawnych i radc\u0105 prawnym. To znaczy, \u017ce przed nazwiskiem u\u017cywam tytu\u0142u naukowego &#8220;dr&#8221; a tog\u0119 nosz\u0119 z niebieskim \u017cabotem. Moja kariera zawodowa rozpocz\u0119\u0142a si\u0119 od uko\u0144czenia dwoch kierunk\u00f3w studi\u00f3w \u2013 politologii oraz prawa na Uniwersytecie Gda\u0144skim. Przez pierwsze siedem lat kariery [&hellip;]<\/p>\n","protected":false},"author":1,"featured_media":0,"parent":0,"menu_order":0,"comment_status":"closed","ping_status":"closed","template":"","meta":{"footnotes":""},"class_list":["post-1231","page","type-page","status-publish","hentry"],"blocksy_meta":{"page_title_panel":"","has_hero_section":"disabled","f085eb16c0e9105cad21860354a04500":"","hero_section":"type-1","hero_elements":[{"id":"custom_title","enabled":true,"heading_tag":"h1","title":"Home"},{"id":"custom_description","enabled":true,"description_visibility":{"desktop":true,"tablet":true,"mobile":false}},{"id":"custom_meta","enabled":false,"meta_elements":[{"id":"author","enabled":true,"label":"By","has_author_avatar":"yes","avatar_size":25},{"id":"post_date","enabled":true,"label":"On","date_format_source":"default","date_format":"M j, Y"},{"id":"updated_date","enabled":false,"label":"On","date_format_source":"default","date_format":"M j, Y"},{"id":"categories","enabled":false,"label":"In","style":"simple"},{"id":"comments","enabled":true}],"page_meta_elements":{"joined":true,"articles_count":true,"comments":true}},{"id":"breadcrumbs","enabled":false}],"80a6f281ffc752406fd97962cb73de8c":"","hero_alignment1":"CT_CSS_SKIP_RULE","hero_margin":40,"hero_alignment2":"center","hero_vertical_alignment":"center","9d64e7f7b679fdbdbfe7dd16ad608df2":"","hero_structure":"narrow","15f16c7eaf5830e9a495f6af7c62e10b":"","page_title_bg_type":"featured_image","custom_hero_background":{"attachment_id":null},"parallax":{"desktop":false,"tablet":false,"mobile":false},"55b3f37122ff81df03bceb3b8aae88f1":"","hero_height":"250px","pageTitleFont":{"family":"Default","variation":"Default","size":"30px","line-height":"CT_CSS_SKIP_RULE","letter-spacing":"CT_CSS_SKIP_RULE","text-transform":"CT_CSS_SKIP_RULE","text-decoration":"CT_CSS_SKIP_RULE"},"pageTitleFontColor":{"default":{"color":"CT_CSS_SKIP_RULEDEFAULT"}},"pageMetaFont":{"family":"Default","variation":"n6","size":"12px","line-height":"1.3","letter-spacing":"CT_CSS_SKIP_RULE","text-transform":"uppercase","text-decoration":"CT_CSS_SKIP_RULE"},"pageMetaFontColor":{"default":{"color":"CT_CSS_SKIP_RULEDEFAULT"},"hover":{"color":"CT_CSS_SKIP_RULEDEFAULT"}},"page_meta_button_type_font_colors":{"default":{"color":"CT_CSS_SKIP_RULEDEFAULT"},"hover":{"color":"CT_CSS_SKIP_RULEDEFAULT"}},"page_meta_button_type_background_colors":{"default":{"color":"CT_CSS_SKIP_RULEDEFAULT"},"hover":{"color":"CT_CSS_SKIP_RULEDEFAULT"}},"pageExcerptFont":{"family":"Default","variation":"Default","size":"CT_CSS_SKIP_RULE","line-height":"CT_CSS_SKIP_RULE","letter-spacing":"CT_CSS_SKIP_RULE","text-transform":"CT_CSS_SKIP_RULE","text-decoration":"CT_CSS_SKIP_RULE"},"pageExcerptColor":{"default":{"color":"CT_CSS_SKIP_RULEDEFAULT"}},"breadcrumbsFont":{"family":"Default","variation":"Default","size":"CT_CSS_SKIP_RULE","line-height":"CT_CSS_SKIP_RULE","letter-spacing":"CT_CSS_SKIP_RULE","text-transform":"CT_CSS_SKIP_RULE","text-decoration":"CT_CSS_SKIP_RULE"},"breadcrumbsFontColor":{"default":{"color":"CT_CSS_SKIP_RULEDEFAULT"},"initial":{"color":"CT_CSS_SKIP_RULEDEFAULT"},"hover":{"color":"CT_CSS_SKIP_RULEDEFAULT"}},"pageTitleOverlay":{"background_type":"color","background_pattern":"type-1","background_image":{"attachment_id":null,"x":0,"y":0},"gradient":"linear-gradient(135deg,rgba(6,147,227,1) 0%,rgb(155,81,224) 100%)","background_repeat":"repeat","background_size":"auto","background_attachment":"scroll","patternColor":{"default":{"color":"#e5e7ea"}},"overlayColor":{"default":{"color":"CT_CSS_SKIP_RULE"}},"backgroundColor":{"default":{"color":"CT_CSS_SKIP_RULE"}}},"pageTitleBackground":{"background_type":"color","background_pattern":"type-1","background_image":{"attachment_id":null,"x":0,"y":0},"gradient":"linear-gradient(135deg,rgba(6,147,227,1) 0%,rgb(155,81,224) 100%)","background_repeat":"repeat","background_size":"auto","background_attachment":"scroll","patternColor":{"default":{"color":"#e5e7ea"}},"overlayColor":{"default":{"color":"CT_CSS_SKIP_RULE"}},"backgroundColor":{"default":{"color":"var(--theme-palette-color-6)"}}},"pageTitlePadding":{"top":"50px","bottom":"50px","left":"auto","right":"auto","linked":true},"9103bedb4e5715c387bfde8d7e5e7a18":"","page_structure_type":"default","b9cc905f0ea5815e087db41718adbc3e":"","content_style_source":"inherit","content_style":"wide","vertical_spacing_source":"custom","content_area_spacing":"none","background":{"background_type":"color","background_pattern":"type-1","background_image":{"attachment_id":null,"x":0,"y":0},"gradient":"linear-gradient(135deg,rgba(6,147,227,1) 0%,rgb(155,81,224) 100%)","background_repeat":"repeat","background_size":"auto","background_attachment":"scroll","patternColor":{"default":{"color":"#e5e7ea"}},"overlayColor":{"default":{"color":"CT_CSS_SKIP_RULE"}},"backgroundColor":{"default":{"color":"CT_CSS_SKIP_RULE"}}},"content_background":{"background_type":"color","background_pattern":"type-1","background_image":{"attachment_id":null,"x":0,"y":0},"gradient":"linear-gradient(135deg,rgba(6,147,227,1) 0%,rgb(155,81,224) 100%)","background_repeat":"repeat","background_size":"auto","background_attachment":"scroll","patternColor":{"default":{"color":"#e5e7ea"}},"overlayColor":{"default":{"color":"CT_CSS_SKIP_RULE"}},"backgroundColor":{"default":{"color":"var(--theme-palette-color-8)"}}},"content_boxed_shadow":{"inherit":false,"blur":18,"spread":-6,"v_offset":12,"h_offset":0,"inset":false,"enable":true,"color":{"color":"rgba(34, 56, 101, 0.04)"}},"boxed_content_spacing":{"desktop":{"top":"40px","bottom":"40px","left":"40px","right":"40px","linked":true},"tablet":{"top":"35px","bottom":"35px","left":"35px","right":"35px","linked":true},"mobile":{"top":"20px","bottom":"20px","left":"20px","right":"20px","linked":true}},"content_boxed_radius":{"top":"3px","bottom":"3px","left":"3px","right":"3px","linked":true},"89628c653bb5c228b1669e0e1d9c4f9d":"","disable_featured_image":"no","disable_share_box":"no","disable_header":"no","disable_footer":"no","styles_descriptor":{"styles":{"desktop":"","tablet":"","mobile":""},"google_fonts":[],"version":6}},"_links":{"self":[{"href":"http:\/\/kancelariaksb.pl\/index.php?rest_route=\/wp\/v2\/pages\/1231","targetHints":{"allow":["GET"]}}],"collection":[{"href":"http:\/\/kancelariaksb.pl\/index.php?rest_route=\/wp\/v2\/pages"}],"about":[{"href":"http:\/\/kancelariaksb.pl\/index.php?rest_route=\/wp\/v2\/types\/page"}],"author":[{"embeddable":true,"href":"http:\/\/kancelariaksb.pl\/index.php?rest_route=\/wp\/v2\/users\/1"}],"replies":[{"embeddable":true,"href":"http:\/\/kancelariaksb.pl\/index.php?rest_route=%2Fwp%2Fv2%2Fcomments&post=1231"}],"version-history":[{"count":10,"href":"http:\/\/kancelariaksb.pl\/index.php?rest_route=\/wp\/v2\/pages\/1231\/revisions"}],"predecessor-version":[{"id":2055,"href":"http:\/\/kancelariaksb.pl\/index.php?rest_route=\/wp\/v2\/pages\/1231\/revisions\/2055"}],"wp:attachment":[{"href":"http:\/\/kancelariaksb.pl\/index.php?rest_route=%2Fwp%2Fv2%2Fmedia&parent=1231"}],"curies":[{"name":"wp","href":"https:\/\/api.w.org\/{rel}","templated":true}]}}